{"id":62,"date":"2025-11-25T21:25:59","date_gmt":"2025-11-25T20:25:59","guid":{"rendered":"https:\/\/assembleedeschretiens.com\/?page_id=62"},"modified":"2025-12-02T20:11:25","modified_gmt":"2025-12-02T19:11:25","slug":"pole-multimedia","status":"publish","type":"page","link":"https:\/\/assembleedeschretiens.com\/index.php\/pole-multimedia\/","title":{"rendered":"Le Pole multim\u00e9dia"},"content":{"rendered":"<p>[et_pb_section fb_built=\u00a0\u00bb1&Prime; _builder_version=\u00a0\u00bb4.27.4&Prime; _module_preset=\u00a0\u00bbdefault\u00a0\u00bb background_color=\u00a0\u00bbRGBA(255,255,255,0)\u00a0\u00bb background_image=\u00a0\u00bbhttps:\/\/assembleedeschretiens.com\/wp-content\/uploads\/2025\/11\/IMG_2838-scaled.jpg\u00a0\u00bb parallax=\u00a0\u00bbon\u00a0\u00bb parallax_method=\u00a0\u00bboff\u00a0\u00bb min_height=\u00a0\u00bb633px\u00a0\u00bb custom_padding=\u00a0\u00bb10%||10%|1px|false|false\u00a0\u00bb link_option_url=\u00a0\u00bbhttps:\/\/www.reveniralevangile.com\/5-tentations-liees-a-la-priere-dans-leglise-locale-john-onwuchekwa\/\u00a0\u00bb global_colors_info=\u00a0\u00bb{}\u00a0\u00bb][et_pb_row _builder_version=\u00a0\u00bb4.27.4&Prime; _module_preset=\u00a0\u00bbdefault\u00a0\u00bb global_colors_info=\u00a0\u00bb{}\u00a0\u00bb][et_pb_column type=\u00a0\u00bb4_4&Prime; _builder_version=\u00a0\u00bb4.27.4&Prime; _module_preset=\u00a0\u00bbdefault\u00a0\u00bb global_colors_info=\u00a0\u00bb{}\u00a0\u00bb][et_pb_text _builder_version=\u00a0\u00bb4.27.4&Prime; _module_preset=\u00a0\u00bbdefault\u00a0\u00bb text_font=\u00a0\u00bbArial||||||||\u00a0\u00bb text_text_color=\u00a0\u00bb#FFFFFF\u00a0\u00bb text_font_size=\u00a0\u00bb55px\u00a0\u00bb text_letter_spacing=\u00a0\u00bb2px\u00a0\u00bb background_color=\u00a0\u00bbrgba(255,255,255,0.32)\u00a0\u00bb text_orientation=\u00a0\u00bbcenter\u00a0\u00bb custom_css_main_element=\u00a0\u00bb-webkit-backdrop-filter :||blur(10px) ;||backdrop-filter :  blur(10px) ;\u00a0\u00bb text_text_shadow_style=\u00a0\u00bbpreset1&Prime; global_colors_info=\u00a0\u00bb{}\u00a0\u00bb]<\/p>\n<p>&nbsp;<\/p>\n<p>&nbsp;<\/p>\n<p>le P\u00f4le Multim\u00e9dia<\/p>\n<p>&nbsp;<\/p>\n<p>&nbsp;<\/p>\n<p>[\/et_pb_text][\/et_pb_column][\/et_pb_row][\/et_pb_section][et_pb_section fb_built=\u00a0\u00bb1&Prime; _builder_version=\u00a0\u00bb4.27.4&Prime; _module_preset=\u00a0\u00bbdefault\u00a0\u00bb hover_enabled=\u00a0\u00bb0&Prime; global_colors_info=\u00a0\u00bb{}\u00a0\u00bb background_color=\u00a0\u00bb#D6D6D6&Prime; sticky_enabled=\u00a0\u00bb0&Prime;][et_pb_row _builder_version=\u00a0\u00bb4.27.4&Prime; _module_preset=\u00a0\u00bbdefault\u00a0\u00bb global_colors_info=\u00a0\u00bb{}\u00a0\u00bb][et_pb_column type=\u00a0\u00bb4_4&Prime; _builder_version=\u00a0\u00bb4.27.4&Prime; _module_preset=\u00a0\u00bbdefault\u00a0\u00bb global_colors_info=\u00a0\u00bb{}\u00a0\u00bb][et_pb_text _builder_version=\u00a0\u00bb4.27.4&Prime; _module_preset=\u00a0\u00bbdefault\u00a0\u00bb text_font=\u00a0\u00bbArial||||||||\u00a0\u00bb text_font_size=\u00a0\u00bb41px\u00a0\u00bb text_orientation=\u00a0\u00bbcenter\u00a0\u00bb global_colors_info=\u00a0\u00bb{}\u00a0\u00bb]<\/p>\n<p>Le P\u00f4le Multim\u00e9dia<\/p>\n<p>[\/et_pb_text][et_pb_text _builder_version=\u00a0\u00bb4.27.4&Prime; _module_preset=\u00a0\u00bbdefault\u00a0\u00bb global_colors_info=\u00a0\u00bb{}\u00a0\u00bb]<\/p>\n<p>Dirig\u00e9 par Sanda Mamadou pour l&rsquo;excellence de l&rsquo;oeuvre \u00e0 laquelle il a \u00e9t\u00e9 rattach\u00e9.<\/p>\n<p>[\/et_pb_text][\/et_pb_column][\/et_pb_row][et_pb_row column_structure=\u00a0\u00bb1_4,1_4,1_4,1_4&Prime; _builder_version=\u00a0\u00bb4.27.4&Prime; _module_preset=\u00a0\u00bbdefault\u00a0\u00bb global_colors_info=\u00a0\u00bb{}\u00a0\u00bb][et_pb_column type=\u00a0\u00bb1_4&Prime; _builder_version=\u00a0\u00bb4.27.4&Prime; _module_preset=\u00a0\u00bbdefault\u00a0\u00bb global_colors_info=\u00a0\u00bb{}\u00a0\u00bb][et_pb_text _builder_version=\u00a0\u00bb4.27.4&Prime; _module_preset=\u00a0\u00bbdefault\u00a0\u00bb hover_enabled=\u00a0\u00bb0&Prime; global_colors_info=\u00a0\u00bb{}\u00a0\u00bb sticky_enabled=\u00a0\u00bb0&Prime; custom_margin=\u00a0\u00bb|||20px|false|false\u00a0\u00bb]<\/p>\n<p>Le role P\u00f4le multim\u00e9dia est de g\u00e9rer et d&rsquo;organiser toutes la partie M\u00e9dia, r\u00e9seaux sociaux et Youtube gr\u00e2ce \u00e0 une \u00e9quipe de jeunes motiv\u00e9s par l&rsquo;excellence.<\/p>\n<p>[\/et_pb_text][\/et_pb_column][et_pb_column type=\u00a0\u00bb1_4&Prime; _builder_version=\u00a0\u00bb4.27.4&Prime; _module_preset=\u00a0\u00bbdefault\u00a0\u00bb global_colors_info=\u00a0\u00bb{}\u00a0\u00bb][et_pb_video src=\u00a0\u00bbhttps:\/\/assembleedeschretiens.com\/wp-content\/uploads\/2025\/11\/IMG_2839.mov\u00a0\u00bb _builder_version=\u00a0\u00bb4.27.4&Prime; _module_preset=\u00a0\u00bbdefault\u00a0\u00bb width=\u00a0\u00bb100%\u00a0\u00bb max_width=\u00a0\u00bb100%\u00a0\u00bb max_width_tablet=\u00a0\u00bb100%\u00a0\u00bb max_width_phone=\u00a0\u00bb100%\u00a0\u00bb max_width_last_edited=\u00a0\u00bbon|phone\u00a0\u00bb global_colors_info=\u00a0\u00bb{}\u00a0\u00bb max_width__hover_enabled=\u00a0\u00bbon|desktop\u00a0\u00bb max_width__hover=\u00a0\u00bb100%\u00a0\u00bb][\/et_pb_video][\/et_pb_column][et_pb_column type=\u00a0\u00bb1_4&Prime; _builder_version=\u00a0\u00bb4.27.4&Prime; _module_preset=\u00a0\u00bbdefault\u00a0\u00bb global_colors_info=\u00a0\u00bb{}\u00a0\u00bb][et_pb_accordion _builder_version=\u00a0\u00bb4.27.4&Prime; _module_preset=\u00a0\u00bbdefault\u00a0\u00bb hover_enabled=\u00a0\u00bb0&Prime; global_colors_info=\u00a0\u00bb{}\u00a0\u00bb sticky_enabled=\u00a0\u00bb0&Prime;][et_pb_accordion_item title=\u00a0\u00bbL&rsquo;\u00e9quipe :\u00a0\u00bb _builder_version=\u00a0\u00bb4.27.4&Prime; _module_preset=\u00a0\u00bbdefault\u00a0\u00bb global_colors_info=\u00a0\u00bb{}\u00a0\u00bb open=\u00a0\u00bbon\u00a0\u00bb][\/et_pb_accordion_item][et_pb_accordion_item title=\u00a0\u00bbProjection\u00a0\u00bb _builder_version=\u00a0\u00bb4.27.4&Prime; _module_preset=\u00a0\u00bbdefault\u00a0\u00bb global_colors_info=\u00a0\u00bb{}\u00a0\u00bb open=\u00a0\u00bboff\u00a0\u00bb]<\/p>\n<p>La sonorisation est assur\u00e9e par une MIDAS M32R<\/p>\n<p>[\/et_pb_accordion_item][et_pb_accordion_item title=\u00a0\u00bbSonorisation\u00a0\u00bb _builder_version=\u00a0\u00bb4.27.4&Prime; _module_preset=\u00a0\u00bbdefault\u00a0\u00bb global_colors_info=\u00a0\u00bb{}\u00a0\u00bb open=\u00a0\u00bboff\u00a0\u00bb]<\/p>\n<p>La sonorisation est assur\u00e9e par une MIDAS M32R<\/p>\n<p>[\/et_pb_accordion_item][et_pb_accordion_item title=\u00a0\u00bbPhoto\u00a0\u00bb _builder_version=\u00a0\u00bb4.27.4&Prime; _module_preset=\u00a0\u00bbdefault\u00a0\u00bb global_colors_info=\u00a0\u00bb{}\u00a0\u00bb open=\u00a0\u00bboff\u00a0\u00bb]<\/p>\n<p>Lauretta est charg\u00e9 de la photo lors des \u00e9v\u00e8nements hebdomadaires<\/p>\n<p>[\/et_pb_accordion_item][et_pb_accordion_item title=\u00a0\u00bbLe direct\u00a0\u00bb _builder_version=\u00a0\u00bb4.27.4&Prime; _module_preset=\u00a0\u00bbdefault\u00a0\u00bb hover_enabled=\u00a0\u00bb0&Prime; sticky_enabled=\u00a0\u00bb0&Prime; open=\u00a0\u00bboff\u00a0\u00bb][\/et_pb_accordion_item][et_pb_accordion_item title=\u00a0\u00bbLes r\u00e9seaux sociaux\u00a0\u00bb _builder_version=\u00a0\u00bb4.27.4&Prime; _module_preset=\u00a0\u00bbdefault\u00a0\u00bb open=\u00a0\u00bboff\u00a0\u00bb hover_enabled=\u00a0\u00bb0&Prime; sticky_enabled=\u00a0\u00bb0&Prime;]<\/p>\n<p>Ce sont les jeunes qui s&rsquo;occupent de ce secteur d&rsquo;activit\u00e9<\/p>\n<p>[\/et_pb_accordion_item][\/et_pb_accordion][\/et_pb_column][et_pb_column type=\u00a0\u00bb1_4&Prime; _builder_version=\u00a0\u00bb4.27.4&Prime; _module_preset=\u00a0\u00bbdefault\u00a0\u00bb global_colors_info=\u00a0\u00bb{}\u00a0\u00bb][et_pb_image src=\u00a0\u00bbhttps:\/\/assembleedeschretiens.com\/wp-content\/uploads\/2025\/11\/IMG_2836-scaled.jpg\u00a0\u00bb title_text=\u00a0\u00bbIMG_2836&Prime; _builder_version=\u00a0\u00bb4.27.4&Prime; _module_preset=\u00a0\u00bbdefault\u00a0\u00bb global_colors_info=\u00a0\u00bb{}\u00a0\u00bb][\/et_pb_image][et_pb_image src=\u00a0\u00bbhttps:\/\/assembleedeschretiens.com\/wp-content\/uploads\/2025\/11\/IMG_2835-scaled.jpg\u00a0\u00bb title_text=\u00a0\u00bbIMG_2835&Prime; _builder_version=\u00a0\u00bb4.27.4&Prime; _module_preset=\u00a0\u00bbdefault\u00a0\u00bb global_colors_info=\u00a0\u00bb{}\u00a0\u00bb][\/et_pb_image][\/et_pb_column][\/et_pb_row][\/et_pb_section][et_pb_section fb_built=\u00a0\u00bb1&Prime; fullwidth=\u00a0\u00bbon\u00a0\u00bb _builder_version=\u00a0\u00bb4.27.4&Prime; _module_preset=\u00a0\u00bbdefault\u00a0\u00bb global_colors_info=\u00a0\u00bb{}\u00a0\u00bb][et_pb_fullwidth_post_title _builder_version=\u00a0\u00bb4.27.4&Prime; _module_preset=\u00a0\u00bbdefault\u00a0\u00bb global_colors_info=\u00a0\u00bb{}\u00a0\u00bb][\/et_pb_fullwidth_post_title][\/et_pb_section]<\/p>\n","protected":false},"excerpt":{"rendered":"<p>&nbsp; &nbsp; le P\u00f4le Multim\u00e9dia &nbsp; &nbsp;Le P\u00f4le Multim\u00e9diaDirig\u00e9 par Sanda Mamadou pour l&rsquo;excellence de l&rsquo;oeuvre \u00e0 laquelle il a \u00e9t\u00e9 rattach\u00e9.Le role P\u00f4le multim\u00e9dia est de g\u00e9rer et d&rsquo;organiser toutes la partie M\u00e9dia, r\u00e9seaux sociaux et Youtube gr\u00e2ce \u00e0 une \u00e9quipe de jeunes motiv\u00e9s par l&rsquo;excellence.La sonorisation est assur\u00e9e par une MIDAS M32RLa sonorisation [&hellip;]<\/p>\n","protected":false},"author":1,"featured_media":0,"parent":0,"menu_order":0,"comment_status":"closed","ping_status":"closed","template":"","meta":{"_et_pb_use_builder":"on","_et_pb_old_content":"","_et_gb_content_width":"","_joinchat":[],"footnotes":""},"class_list":["post-62","page","type-page","status-publish","hentry"],"_links":{"self":[{"href":"https:\/\/assembleedeschretiens.com\/index.php\/wp-json\/wp\/v2\/pages\/62","targetHints":{"allow":["GET"]}}],"collection":[{"href":"https:\/\/assembleedeschretiens.com\/index.php\/wp-json\/wp\/v2\/pages"}],"about":[{"href":"https:\/\/assembleedeschretiens.com\/index.php\/wp-json\/wp\/v2\/types\/page"}],"author":[{"embeddable":true,"href":"https:\/\/assembleedeschretiens.com\/index.php\/wp-json\/wp\/v2\/users\/1"}],"replies":[{"embeddable":true,"href":"https:\/\/assembleedeschretiens.com\/index.php\/wp-json\/wp\/v2\/comments?post=62"}],"version-history":[{"count":14,"href":"https:\/\/assembleedeschretiens.com\/index.php\/wp-json\/wp\/v2\/pages\/62\/revisions"}],"predecessor-version":[{"id":1720,"href":"https:\/\/assembleedeschretiens.com\/index.php\/wp-json\/wp\/v2\/pages\/62\/revisions\/1720"}],"wp:attachment":[{"href":"https:\/\/assembleedeschretiens.com\/index.php\/wp-json\/wp\/v2\/media?parent=62"}],"curies":[{"name":"wp","href":"https:\/\/api.w.org\/{rel}","templated":true}]}}

Le Pole multimédia

<p>[et_pb_section fb_built= »1&Prime; _builder_version= »4.27.4&Prime; _module_preset= »default » background_color= »RGBA(255,255,255,0) » background_image= »https://assembleedeschretiens.com/wp-content/uploads/2025/11/IMG_2838-scaled.jpg » parallax= »on » parallax_method= »off » min_height= »633px » custom_padding= »10%||10%|1px|false|false » link_option_url= »https://www.reveniralevangile.com/5-tentations-liees-a-la-priere-dans-leglise-locale-john-onwuchekwa/ » global_colors_info= »{} »][et_pb_row _builder_version= »4.27.4&Prime; _module_preset= »default » global_colors_info= »{} »][et_pb_column type= »4_4&Prime; _builder_version= »4.27.4&Prime; _module_preset= »default » global_colors_info= »{} »][et_pb_text _builder_version= »4.27.4&Prime; _module_preset= »default » text_font= »Arial|||||||| » text_text_color= »#FFFFFF » text_font_size= »55px » text_letter_spacing= »2px » background_color= »rgba(255,255,255,0.32) » text_orientation= »center » custom_css_main_element= »-webkit-backdrop-filter :||blur(10px) ;||backdrop-filter :  blur(10px) ; » text_text_shadow_style= »preset1&Prime; global_colors_info= »{} »]</p>
<p>&nbsp;</p>
<p>&nbsp;</p>
<p>le Pôle Multimédia</p>
<p>&nbsp;</p>
<p>&nbsp;</p>
<p>[/et_pb_text][/et_pb_column][/et_pb_row][/et_pb_section][et_pb_section fb_built= »1&Prime; _builder_version= »4.27.4&Prime; _module_preset= »default » hover_enabled= »0&Prime; global_colors_info= »{} » background_color= »#D6D6D6&Prime; sticky_enabled= »0&Prime;][et_pb_row _builder_version= »4.27.4&Prime; _module_preset= »default » global_colors_info= »{} »][et_pb_column type= »4_4&Prime; _builder_version= »4.27.4&Prime; _module_preset= »default » global_colors_info= »{} »][et_pb_text _builder_version= »4.27.4&Prime; _module_preset= »default » text_font= »Arial|||||||| » text_font_size= »41px » text_orientation= »center » global_colors_info= »{} »]</p>
<p>Le Pôle Multimédia</p>
<p>[/et_pb_text][et_pb_text _builder_version= »4.27.4&Prime; _module_preset= »default » global_colors_info= »{} »]</p>
<p>Dirigé par Sanda Mamadou pour l&rsquo;excellence de l&rsquo;oeuvre à laquelle il a été rattaché.</p>
<p>[/et_pb_text][/et_pb_column][/et_pb_row][et_pb_row column_structure= »1_4,1_4,1_4,1_4&Prime; _builder_version= »4.27.4&Prime; _module_preset= »default » global_colors_info= »{} »][et_pb_column type= »1_4&Prime; _builder_version= »4.27.4&Prime; _module_preset= »default » global_colors_info= »{} »][et_pb_text _builder_version= »4.27.4&Prime; _module_preset= »default » hover_enabled= »0&Prime; global_colors_info= »{} » sticky_enabled= »0&Prime; custom_margin= »|||20px|false|false »]</p>
<p>Le role Pôle multimédia est de gérer et d&rsquo;organiser toutes la partie Média, réseaux sociaux et Youtube grâce à une équipe de jeunes motivés par l&rsquo;excellence.</p>
<p>[/et_pb_text][/et_pb_column][et_pb_column type= »1_4&Prime; _builder_version= »4.27.4&Prime; _module_preset= »default » global_colors_info= »{} »][et_pb_video src= »https://assembleedeschretiens.com/wp-content/uploads/2025/11/IMG_2839.mov » _builder_version= »4.27.4&Prime; _module_preset= »default » width= »100% » max_width= »100% » max_width_tablet= »100% » max_width_phone= »100% » max_width_last_edited= »on|phone » global_colors_info= »{} » max_width__hover_enabled= »on|desktop » max_width__hover= »100% »][/et_pb_video][/et_pb_column][et_pb_column type= »1_4&Prime; _builder_version= »4.27.4&Prime; _module_preset= »default » global_colors_info= »{} »][et_pb_accordion _builder_version= »4.27.4&Prime; _module_preset= »default » hover_enabled= »0&Prime; global_colors_info= »{} » sticky_enabled= »0&Prime;][et_pb_accordion_item title= »L&rsquo;équipe : » _builder_version= »4.27.4&Prime; _module_preset= »default » global_colors_info= »{} » open= »on »][/et_pb_accordion_item][et_pb_accordion_item title= »Projection » _builder_version= »4.27.4&Prime; _module_preset= »default » global_colors_info= »{} » open= »off »]</p>
<p>La sonorisation est assurée par une MIDAS M32R</p>
<p>[/et_pb_accordion_item][et_pb_accordion_item title= »Sonorisation » _builder_version= »4.27.4&Prime; _module_preset= »default » global_colors_info= »{} » open= »off »]</p>
<p>La sonorisation est assurée par une MIDAS M32R</p>
<p>[/et_pb_accordion_item][et_pb_accordion_item title= »Photo » _builder_version= »4.27.4&Prime; _module_preset= »default » global_colors_info= »{} » open= »off »]</p>
<p>Lauretta est chargé de la photo lors des évènements hebdomadaires</p>
<p>[/et_pb_accordion_item][et_pb_accordion_item title= »Le direct » _builder_version= »4.27.4&Prime; _module_preset= »default » hover_enabled= »0&Prime; sticky_enabled= »0&Prime; open= »off »][/et_pb_accordion_item][et_pb_accordion_item title= »Les réseaux sociaux » _builder_version= »4.27.4&Prime; _module_preset= »default » open= »off » hover_enabled= »0&Prime; sticky_enabled= »0&Prime;]</p>
<p>Ce sont les jeunes qui s&rsquo;occupent de ce secteur d&rsquo;activité</p>
<p>[/et_pb_accordion_item][/et_pb_accordion][/et_pb_column][et_pb_column type= »1_4&Prime; _builder_version= »4.27.4&Prime; _module_preset= »default » global_colors_info= »{} »][et_pb_image src= »https://assembleedeschretiens.com/wp-content/uploads/2025/11/IMG_2836-scaled.jpg » title_text= »IMG_2836&Prime; _builder_version= »4.27.4&Prime; _module_preset= »default » global_colors_info= »{} »][/et_pb_image][et_pb_image src= »https://assembleedeschretiens.com/wp-content/uploads/2025/11/IMG_2835-scaled.jpg » title_text= »IMG_2835&Prime; _builder_version= »4.27.4&Prime; _module_preset= »default » global_colors_info= »{} »][/et_pb_image][/et_pb_column][/et_pb_row][/et_pb_section][et_pb_section fb_built= »1&Prime; fullwidth= »on » _builder_version= »4.27.4&Prime; _module_preset= »default » global_colors_info= »{} »][et_pb_fullwidth_post_title _builder_version= »4.27.4&Prime; _module_preset= »default » global_colors_info= »{} »][/et_pb_fullwidth_post_title][/et_pb_section]</p>

<p>&nbsp; &nbsp; le Pôle Multimédia &nbsp; &nbsp;Le Pôle MultimédiaDirigé par Sanda Mamadou pour l&rsquo;excellence de l&rsquo;oeuvre à laquelle il a été rattaché.Le role Pôle multimédia est de gérer et d&rsquo;organiser toutes la partie Média, réseaux sociaux et Youtube grâce à une équipe de jeunes motivés par l&rsquo;excellence.La sonorisation est assurée par une MIDAS M32RLa sonorisation [&hellip;]</p>
