{"id":500,"date":"2025-11-30T17:55:05","date_gmt":"2025-11-30T16:55:05","guid":{"rendered":"https:\/\/assembleedeschretiens.com\/?page_id=500"},"modified":"2026-01-25T19:09:19","modified_gmt":"2026-01-25T18:09:19","slug":"le-mot-du-pasteur","status":"publish","type":"page","link":"https:\/\/assembleedeschretiens.com\/index.php\/le-mot-du-pasteur\/","title":{"rendered":"le Mot du Pasteur"},"content":{"rendered":"<p>[et_pb_section fb_built=\u00a0\u00bb1&Prime; fullwidth=\u00a0\u00bbon\u00a0\u00bb _builder_version=\u00a0\u00bb4.27.5&Prime; _module_preset=\u00a0\u00bbdefault\u00a0\u00bb global_colors_info=\u00a0\u00bb{}\u00a0\u00bb][et_pb_fullwidth_header title=\u00a0\u00bbLe Mot du Pasteur\u00a0\u00bb text_orientation=\u00a0\u00bbcenter\u00a0\u00bb _builder_version=\u00a0\u00bb4.27.5&Prime; _module_preset=\u00a0\u00bbdefault\u00a0\u00bb title_text_align=\u00a0\u00bbleft\u00a0\u00bb title_font_size=\u00a0\u00bb37px\u00a0\u00bb background_enable_color=\u00a0\u00bboff\u00a0\u00bb background_image=\u00a0\u00bbhttps:\/\/assembleedeschretiens.com\/wp-content\/uploads\/2025\/12\/Image1.jpg\u00a0\u00bb title_text_shadow_style=\u00a0\u00bbpreset1&Prime; global_colors_info=\u00a0\u00bb{}\u00a0\u00bb][\/et_pb_fullwidth_header][\/et_pb_section][et_pb_section fb_built=\u00a0\u00bb1&Prime; _builder_version=\u00a0\u00bb4.27.4&Prime; _module_preset=\u00a0\u00bbdefault\u00a0\u00bb background_image=\u00a0\u00bbhttps:\/\/assembleedeschretiens.com\/wp-content\/uploads\/2025\/12\/image-mask-1.png\u00a0\u00bb custom_padding=\u00a0\u00bb||3px|||\u00a0\u00bb global_colors_info=\u00a0\u00bb{}\u00a0\u00bb][et_pb_row _builder_version=\u00a0\u00bb4.27.4&Prime; _module_preset=\u00a0\u00bbdefault\u00a0\u00bb global_colors_info=\u00a0\u00bb{}\u00a0\u00bb][et_pb_column type=\u00a0\u00bb4_4&Prime; _builder_version=\u00a0\u00bb4.27.4&Prime; _module_preset=\u00a0\u00bbdefault\u00a0\u00bb global_colors_info=\u00a0\u00bb{}\u00a0\u00bb][et_pb_text _builder_version=\u00a0\u00bb4.27.4&Prime; _module_preset=\u00a0\u00bbdefault\u00a0\u00bb text_font=\u00a0\u00bbArial||||||||\u00a0\u00bb text_font_size=\u00a0\u00bb16px\u00a0\u00bb text_line_height=\u00a0\u00bb2.1em\u00a0\u00bb custom_padding=\u00a0\u00bb||0px|||\u00a0\u00bb global_colors_info=\u00a0\u00bb{}\u00a0\u00bb]<\/p>\n<p>L\u2019\u00c9glise Assembl\u00e9e des Chr\u00e9tiens est une \u00e9glise o\u00f9 la Bonne Nouvelle du Royaume de Dieu est annonc\u00e9e, \u0153uvrant pour l\u2019affermissement dans la foi, la formation des disciples, et l\u2019\u00e9tablissement des croyants en vue de leur perfectionnement et de la manifestation du R\u00e8gne de Dieu localement et dans toutes les nations.<\/p>\n<p>[\/et_pb_text][\/et_pb_column][\/et_pb_row][et_pb_row column_structure=\u00a0\u00bb2_5,3_5&Prime; _builder_version=\u00a0\u00bb4.27.4&Prime; _module_preset=\u00a0\u00bbdefault\u00a0\u00bb global_colors_info=\u00a0\u00bb{}\u00a0\u00bb][et_pb_column type=\u00a0\u00bb2_5&Prime; _builder_version=\u00a0\u00bb4.27.4&Prime; _module_preset=\u00a0\u00bbdefault\u00a0\u00bb global_colors_info=\u00a0\u00bb{}\u00a0\u00bb][et_pb_image src=\u00a0\u00bbhttps:\/\/assembleedeschretiens.com\/wp-content\/uploads\/2025\/11\/pasteur-noir-et-blanc.jpg\u00a0\u00bb title_text=\u00a0\u00bbpasteur noir et blanc\u00a0\u00bb align=\u00a0\u00bbcenter\u00a0\u00bb _builder_version=\u00a0\u00bb4.27.5&Prime; _module_preset=\u00a0\u00bbdefault\u00a0\u00bb hover_enabled=\u00a0\u00bb0&Prime; global_colors_info=\u00a0\u00bb{}\u00a0\u00bb box_shadow_style=\u00a0\u00bbpreset1&Prime; sticky_enabled=\u00a0\u00bb0&Prime;][\/et_pb_image][\/et_pb_column][et_pb_column type=\u00a0\u00bb3_5&Prime; _builder_version=\u00a0\u00bb4.27.4&Prime; _module_preset=\u00a0\u00bbdefault\u00a0\u00bb global_colors_info=\u00a0\u00bb{}\u00a0\u00bb][et_pb_image src=\u00a0\u00bbhttps:\/\/assembleedeschretiens.com\/wp-content\/uploads\/2025\/11\/bible-louis-segond-1979.jpg\u00a0\u00bb title_text=\u00a0\u00bbbible louis segond 1979&Prime; align=\u00a0\u00bbcenter\u00a0\u00bb _builder_version=\u00a0\u00bb4.27.4&Prime; _module_preset=\u00a0\u00bbdefault\u00a0\u00bb width=\u00a0\u00bb62%\u00a0\u00bb global_colors_info=\u00a0\u00bb{}\u00a0\u00bb][\/et_pb_image][\/et_pb_column][\/et_pb_row][et_pb_row _builder_version=\u00a0\u00bb4.27.4&Prime; _module_preset=\u00a0\u00bbdefault\u00a0\u00bb global_colors_info=\u00a0\u00bb{}\u00a0\u00bb][et_pb_column type=\u00a0\u00bb4_4&Prime; _builder_version=\u00a0\u00bb4.27.4&Prime; _module_preset=\u00a0\u00bbdefault\u00a0\u00bb global_colors_info=\u00a0\u00bb{}\u00a0\u00bb][et_pb_text _builder_version=\u00a0\u00bb4.27.5&Prime; _module_preset=\u00a0\u00bbdefault\u00a0\u00bb global_colors_info=\u00a0\u00bb{}\u00a0\u00bb]<\/p>\n<p>La par\u00f4le de Dieu est la base de tout enseignement.<\/p>\n<p>[\/et_pb_text][\/et_pb_column][\/et_pb_row][\/et_pb_section]<\/p>\n","protected":false},"excerpt":{"rendered":"<p>L\u2019\u00c9glise Assembl\u00e9e des Chr\u00e9tiens est une \u00e9glise o\u00f9 la Bonne Nouvelle du Royaume de Dieu est annonc\u00e9e, \u0153uvrant pour l\u2019affermissement dans la foi, la formation des disciples, et l\u2019\u00e9tablissement des croyants en vue de leur perfectionnement et de la manifestation du R\u00e8gne de Dieu localement et dans toutes les nations.La par\u00f4le de Dieu est la [&hellip;]<\/p>\n","protected":false},"author":3,"featured_media":0,"parent":0,"menu_order":0,"comment_status":"closed","ping_status":"closed","template":"","meta":{"_et_pb_use_builder":"on","_et_pb_old_content":"","_et_gb_content_width":"","_joinchat":[],"footnotes":""},"class_list":["post-500","page","type-page","status-publish","hentry"],"_links":{"self":[{"href":"https:\/\/assembleedeschretiens.com\/index.php\/wp-json\/wp\/v2\/pages\/500","targetHints":{"allow":["GET"]}}],"collection":[{"href":"https:\/\/assembleedeschretiens.com\/index.php\/wp-json\/wp\/v2\/pages"}],"about":[{"href":"https:\/\/assembleedeschretiens.com\/index.php\/wp-json\/wp\/v2\/types\/page"}],"author":[{"embeddable":true,"href":"https:\/\/assembleedeschretiens.com\/index.php\/wp-json\/wp\/v2\/users\/3"}],"replies":[{"embeddable":true,"href":"https:\/\/assembleedeschretiens.com\/index.php\/wp-json\/wp\/v2\/comments?post=500"}],"version-history":[{"count":18,"href":"https:\/\/assembleedeschretiens.com\/index.php\/wp-json\/wp\/v2\/pages\/500\/revisions"}],"predecessor-version":[{"id":1993,"href":"https:\/\/assembleedeschretiens.com\/index.php\/wp-json\/wp\/v2\/pages\/500\/revisions\/1993"}],"wp:attachment":[{"href":"https:\/\/assembleedeschretiens.com\/index.php\/wp-json\/wp\/v2\/media?parent=500"}],"curies":[{"name":"wp","href":"https:\/\/api.w.org\/{rel}","templated":true}]}}

<p>[et_pb_section fb_built= »1&Prime; fullwidth= »on » _builder_version= »4.27.5&Prime; _module_preset= »default » global_colors_info= »{} »][et_pb_fullwidth_header title= »Le Mot du Pasteur » text_orientation= »center » _builder_version= »4.27.5&Prime; _module_preset= »default » title_text_align= »left » title_font_size= »37px » background_enable_color= »off » background_image= »https://assembleedeschretiens.com/wp-content/uploads/2025/12/Image1.jpg » title_text_shadow_style= »preset1&Prime; global_colors_info= »{} »][/et_pb_fullwidth_header][/et_pb_section][et_pb_section fb_built= »1&Prime; _builder_version= »4.27.4&Prime; _module_preset= »default » background_image= »https://assembleedeschretiens.com/wp-content/uploads/2025/12/image-mask-1.png » custom_padding= »||3px||| » global_colors_info= »{} »][et_pb_row _builder_version= »4.27.4&Prime; _module_preset= »default » global_colors_info= »{} »][et_pb_column type= »4_4&Prime; _builder_version= »4.27.4&Prime; _module_preset= »default » global_colors_info= »{} »][et_pb_text _builder_version= »4.27.4&Prime; _module_preset= »default » text_font= »Arial|||||||| » text_font_size= »16px » text_line_height= »2.1em » custom_padding= »||0px||| » global_colors_info= »{} »]</p>
<p>L’Église Assemblée des Chrétiens est une église où la Bonne Nouvelle du Royaume de Dieu est annoncée, œuvrant pour l’affermissement dans la foi, la formation des disciples, et l’établissement des croyants en vue de leur perfectionnement et de la manifestation du Règne de Dieu localement et dans toutes les nations.</p>
<p>[/et_pb_text][/et_pb_column][/et_pb_row][et_pb_row column_structure= »2_5,3_5&Prime; _builder_version= »4.27.4&Prime; _module_preset= »default » global_colors_info= »{} »][et_pb_column type= »2_5&Prime; _builder_version= »4.27.4&Prime; _module_preset= »default » global_colors_info= »{} »][et_pb_image src= »https://assembleedeschretiens.com/wp-content/uploads/2025/11/pasteur-noir-et-blanc.jpg » title_text= »pasteur noir et blanc » align= »center » _builder_version= »4.27.5&Prime; _module_preset= »default » hover_enabled= »0&Prime; global_colors_info= »{} » box_shadow_style= »preset1&Prime; sticky_enabled= »0&Prime;][/et_pb_image][/et_pb_column][et_pb_column type= »3_5&Prime; _builder_version= »4.27.4&Prime; _module_preset= »default » global_colors_info= »{} »][et_pb_image src= »https://assembleedeschretiens.com/wp-content/uploads/2025/11/bible-louis-segond-1979.jpg » title_text= »bible louis segond 1979&Prime; align= »center » _builder_version= »4.27.4&Prime; _module_preset= »default » width= »62% » global_colors_info= »{} »][/et_pb_image][/et_pb_column][/et_pb_row][et_pb_row _builder_version= »4.27.4&Prime; _module_preset= »default » global_colors_info= »{} »][et_pb_column type= »4_4&Prime; _builder_version= »4.27.4&Prime; _module_preset= »default » global_colors_info= »{} »][et_pb_text _builder_version= »4.27.5&Prime; _module_preset= »default » global_colors_info= »{} »]</p>
<p>La parôle de Dieu est la base de tout enseignement.</p>
<p>[/et_pb_text][/et_pb_column][/et_pb_row][/et_pb_section]</p>

<p>L’Église Assemblée des Chrétiens est une église où la Bonne Nouvelle du Royaume de Dieu est annoncée, œuvrant pour l’affermissement dans la foi, la formation des disciples, et l’établissement des croyants en vue de leur perfectionnement et de la manifestation du Règne de Dieu localement et dans toutes les nations.La parôle de Dieu est la [&hellip;]</p>
