{"id":2,"date":"2025-11-07T10:05:08","date_gmt":"2025-11-07T09:05:08","guid":{"rendered":"https:\/\/assembleedeschretiens.com\/?page_id=2"},"modified":"2026-01-25T20:09:02","modified_gmt":"2026-01-25T19:09:02","slug":"page-d-exemple","status":"publish","type":"page","link":"https:\/\/assembleedeschretiens.com\/index.php\/page-d-exemple\/","title":{"rendered":"ECODIM"},"content":{"rendered":"<p>[et_pb_section fb_built=\u00a0\u00bb1&Prime; _builder_version=\u00a0\u00bb4.27.5&Prime; _module_preset=\u00a0\u00bbdefault\u00a0\u00bb background_color=\u00a0\u00bb#D6D6D6&Prime; background_enable_pattern_style=\u00a0\u00bbon\u00a0\u00bb background_pattern_color=\u00a0\u00bb#8F8F8F\u00a0\u00bb background_enable_mask_style=\u00a0\u00bbon\u00a0\u00bb background_mask_style=\u00a0\u00bbfloating-squares\u00a0\u00bb global_colors_info=\u00a0\u00bb{}\u00a0\u00bb][et_pb_row column_structure=\u00a0\u00bb1_2,1_2&Prime; _builder_version=\u00a0\u00bb4.27.4&Prime; _module_preset=\u00a0\u00bbdefault\u00a0\u00bb background_color=\u00a0\u00bb#B3B3B3&Prime; background_image=\u00a0\u00bbhttps:\/\/assembleedeschretiens.com\/wp-content\/uploads\/2025\/11\/IMG_9688.jpg\u00a0\u00bb custom_margin=\u00a0\u00bb|auto|64px|auto||\u00a0\u00bb custom_padding=\u00a0\u00bb||76px|||\u00a0\u00bb border_radii=\u00a0\u00bbon|20px|20px|20px|20px\u00a0\u00bb global_colors_info=\u00a0\u00bb{}\u00a0\u00bb][et_pb_column type=\u00a0\u00bb1_2&Prime; _builder_version=\u00a0\u00bb4.27.4&Prime; _module_preset=\u00a0\u00bbdefault\u00a0\u00bb global_colors_info=\u00a0\u00bb{}\u00a0\u00bb][et_pb_text _builder_version=\u00a0\u00bb4.27.5&Prime; _module_preset=\u00a0\u00bbdefault\u00a0\u00bb text_font=\u00a0\u00bbArial||||||||\u00a0\u00bb text_text_color=\u00a0\u00bb#FFFFFF\u00a0\u00bb text_font_size=\u00a0\u00bb67px\u00a0\u00bb text_line_height=\u00a0\u00bb1em\u00a0\u00bb background_enable_color=\u00a0\u00bboff\u00a0\u00bb text_orientation=\u00a0\u00bbcenter\u00a0\u00bb custom_margin=\u00a0\u00bb|20px||20px|false|false\u00a0\u00bb custom_padding=\u00a0\u00bb||46px|||\u00a0\u00bb text_text_shadow_style=\u00a0\u00bbpreset1&Prime; border_radii=\u00a0\u00bbon|20px|20px|20px|20px\u00a0\u00bb global_colors_info=\u00a0\u00bb{}\u00a0\u00bb]<\/p>\n<p>&nbsp;<\/p>\n<p>ECODIM<\/p>\n<p>[\/et_pb_text][et_pb_text _builder_version=\u00a0\u00bb4.27.4&Prime; _module_preset=\u00a0\u00bbdefault\u00a0\u00bb text_font_size=\u00a0\u00bb18px\u00a0\u00bb background_color=\u00a0\u00bb#FFFFFF\u00a0\u00bb custom_margin=\u00a0\u00bb|20px||20px|false|false\u00a0\u00bb custom_padding=\u00a0\u00bb|20px||20px|false|false\u00a0\u00bb border_radii=\u00a0\u00bbon|20px|20px|20px|20px\u00a0\u00bb box_shadow_style=\u00a0\u00bbpreset6&Prime; global_colors_info=\u00a0\u00bb{}\u00a0\u00bb]<\/p>\n<h2><\/h2>\n<p>L&rsquo;enseignement des enfants \u00e0 la Parole de Dieu est au coeur de la vie Chr\u00e9tienne, \u00e9tablir des fondements d\u00e8s le plus jeune age :<\/p>\n<p>&nbsp;<\/p>\n<p>[\/et_pb_text][et_pb_text _builder_version=\u00a0\u00bb4.27.4&Prime; _module_preset=\u00a0\u00bbdefault\u00a0\u00bb text_font_size=\u00a0\u00bb16px\u00a0\u00bb background_color=\u00a0\u00bb#FFFFFF\u00a0\u00bb custom_margin=\u00a0\u00bb|20px||20px|false|false\u00a0\u00bb custom_padding=\u00a0\u00bb20px|20px|20px|20px|false|false\u00a0\u00bb border_radii=\u00a0\u00bbon|20px|20px|20px|20px\u00a0\u00bb box_shadow_style=\u00a0\u00bbpreset6&Prime; global_colors_info=\u00a0\u00bb{}\u00a0\u00bb]<\/p>\n<div class=\"ref\"><\/div>\n<div class=\"ref\"><\/div>\n<div class=\"ref\"><a href=\"https:\/\/emcitv.com\/bible\/proverbes-22-6.html#6\">Proverbes 22:6 dit :<\/a><\/div>\n<div class=\"verse\">Instruis l&rsquo;enfant selon la voie qu&rsquo;il doit suivre;<span>\u00a0<\/span><span class=\"highlight\">Et quand il sera vieux<\/span>, il ne s&rsquo;en d\u00e9tournera<span>\u00a0<\/span><span class=\"highlight\">pas<\/span>.<\/div>\n<div class=\"verse\"><\/div>\n<div class=\"verse\"><\/div>\n<p>[\/et_pb_text][\/et_pb_column][et_pb_column type=\u00a0\u00bb1_2&Prime; _builder_version=\u00a0\u00bb4.27.4&Prime; _module_preset=\u00a0\u00bbdefault\u00a0\u00bb background_image=\u00a0\u00bbhttps:\/\/assembleedeschretiens.com\/wp-content\/uploads\/2025\/11\/IMG_9688.jpg\u00a0\u00bb global_colors_info=\u00a0\u00bb{}\u00a0\u00bb][\/et_pb_column][\/et_pb_row][et_pb_row _builder_version=\u00a0\u00bb4.27.5&Prime; _module_preset=\u00a0\u00bbdefault\u00a0\u00bb global_colors_info=\u00a0\u00bb{}\u00a0\u00bb][et_pb_column type=\u00a0\u00bb4_4&Prime; _builder_version=\u00a0\u00bb4.27.5&Prime; _module_preset=\u00a0\u00bbdefault\u00a0\u00bb global_colors_info=\u00a0\u00bb{}\u00a0\u00bb][et_pb_text _builder_version=\u00a0\u00bb4.27.5&Prime; _module_preset=\u00a0\u00bbdefault\u00a0\u00bb text_font_size=\u00a0\u00bb15px\u00a0\u00bb use_background_color_gradient=\u00a0\u00bbon\u00a0\u00bb background_color_gradient_stops=\u00a0\u00bbrgba(255,255,255,0.45) 1%|rgba(255,255,255,0.47) 99%\u00a0\u00bb custom_margin=\u00a0\u00bb|||25px|false|false\u00a0\u00bb custom_padding=\u00a0\u00bb|38px||38px|false|false\u00a0\u00bb border_radii=\u00a0\u00bbon|4px|4px|4px|4px\u00a0\u00bb border_width_all=\u00a0\u00bb2px\u00a0\u00bb global_colors_info=\u00a0\u00bb{}\u00a0\u00bb]<\/p>\n<p>,\u00a0<\/p>\n<p>A L&rsquo;assembl\u00e9e des Chr\u00e9tiens les enfants recoivent un enseignement dispens\u00e9 par des \u00e9ducateurs\/\u00e9ducatrices qui les enseignent sur la bible, les aident a m\u00e9moriser des versets par coeur. Chaque ann\u00e9e, une pr\u00e9sentation est faite du travail collectif avec une remise des prix a tous les enfants sous formes de petits cadeaux r\u00e9compensant le travail effectu\u00e9 et l&rsquo;avanc\u00e9e dans la d\u00e9couverte et l&rsquo;apprentissage de la parole de Dieu.<\/p>\n<p>&nbsp;<\/p>\n<p>[\/et_pb_text][\/et_pb_column][\/et_pb_row][et_pb_row _builder_version=\u00a0\u00bb4.27.5&Prime; _module_preset=\u00a0\u00bbdefault\u00a0\u00bb background_color=\u00a0\u00bb#FFFFFF\u00a0\u00bb width=\u00a0\u00bb58%\u00a0\u00bb max_width=\u00a0\u00bb731px\u00a0\u00bb custom_padding=\u00a0\u00bb||0px|||\u00a0\u00bb border_radii=\u00a0\u00bbon|20px|20px|20px|20px\u00a0\u00bb global_colors_info=\u00a0\u00bb{}\u00a0\u00bb][et_pb_column type=\u00a0\u00bb4_4&Prime; _builder_version=\u00a0\u00bb4.27.4&Prime; _module_preset=\u00a0\u00bbdefault\u00a0\u00bb global_colors_info=\u00a0\u00bb{}\u00a0\u00bb][et_pb_image src=\u00a0\u00bbhttps:\/\/assembleedeschretiens.com\/wp-content\/uploads\/2025\/11\/enfants-2.jpg\u00a0\u00bb title_text=\u00a0\u00bbenfants\u00a0\u00bb _builder_version=\u00a0\u00bb4.27.4&Prime; _module_preset=\u00a0\u00bbdefault\u00a0\u00bb custom_margin=\u00a0\u00bb-34px|||||\u00a0\u00bb border_radii=\u00a0\u00bbon|20px|20px|20px|20px\u00a0\u00bb global_colors_info=\u00a0\u00bb{}\u00a0\u00bb][\/et_pb_image][\/et_pb_column][\/et_pb_row][\/et_pb_section]<\/p>\n","protected":false},"excerpt":{"rendered":"<p>&nbsp; ECODIM L&rsquo;enseignement des enfants \u00e0 la Parole de Dieu est au coeur de la vie Chr\u00e9tienne, \u00e9tablir des fondements d\u00e8s le plus jeune age : &nbsp; Proverbes 22:6 dit : Instruis l&rsquo;enfant selon la voie qu&rsquo;il doit suivre;\u00a0Et quand il sera vieux, il ne s&rsquo;en d\u00e9tournera\u00a0pas. ,\u00a0 A L&rsquo;assembl\u00e9e des Chr\u00e9tiens les enfants recoivent [&hellip;]<\/p>\n","protected":false},"author":1,"featured_media":0,"parent":0,"menu_order":0,"comment_status":"closed","ping_status":"closed","template":"","meta":{"_et_pb_use_builder":"on","_et_pb_old_content":"<!-- wp:paragraph -->\n<p>Ceci est une page d\u2019exemple. C\u2019est diff\u00e9rent d\u2019un article de blog parce qu\u2019elle restera au m\u00eame endroit et appara\u00eetra dans la navigation de votre site (dans la plupart des th\u00e8mes). La plupart des gens commencent par une page \u00ab\u00a0\u00c0 propos\u00a0\u00bb qui les pr\u00e9sente aux personnes visitant le site. Cela pourrait ressembler \u00e0 quelque chose comme cela\u00a0:<\/p>\n<!-- \/wp:paragraph -->\n\n<!-- wp:quote -->\n<blockquote class=\"wp-block-quote\"><p>Bonjour\u00a0! Je suis un m\u00e9canicien qui aspire \u00e0 devenir acteur, et voici mon site. J\u2019habite \u00e0 Bordeaux, j\u2019ai un super chien baptis\u00e9 Russell, et j\u2019aime la vodka (ainsi qu\u2019\u00eatre surpris par la pluie soudaine lors de longues balades sur la plage au coucher du soleil).<\/p><\/blockquote>\n<!-- \/wp:quote -->\n\n<!-- wp:paragraph -->\n<p>\u2026ou quelque chose comme cela\u00a0:<\/p>\n<!-- \/wp:paragraph -->\n\n<!-- wp:quote -->\n<blockquote class=\"wp-block-quote\"><p>La soci\u00e9t\u00e9 123 Machin Truc a \u00e9t\u00e9 cr\u00e9\u00e9e en 1971, et n\u2019a cess\u00e9 de proposer au public des machins-trucs de qualit\u00e9 depuis lors. Situ\u00e9e \u00e0 Saint-Remy-en-Bouzemont-Saint-Genest-et-Isson, 123 Machin Truc emploie 2 000 personnes, et fabrique toutes sortes de bidules supers pour la communaut\u00e9 bouzemontoise.<\/p><\/blockquote>\n<!-- \/wp:quote -->\n\n<!-- wp:paragraph -->\n<p>En tant que nouvel utilisateur ou utilisatrice de WordPress, vous devriez vous rendre sur <a href=\"https:\/\/assembleedeschretiens.com\/wp-admin\/\">votre tableau de bord<\/a> pour supprimer cette page et cr\u00e9er de nouvelles pages pour votre contenu. Amusez-vous bien\u00a0!<\/p>\n<!-- \/wp:paragraph -->","_et_gb_content_width":"","_joinchat":[],"footnotes":""},"class_list":["post-2","page","type-page","status-publish","hentry"],"_links":{"self":[{"href":"https:\/\/assembleedeschretiens.com\/index.php\/wp-json\/wp\/v2\/pages\/2","targetHints":{"allow":["GET"]}}],"collection":[{"href":"https:\/\/assembleedeschretiens.com\/index.php\/wp-json\/wp\/v2\/pages"}],"about":[{"href":"https:\/\/assembleedeschretiens.com\/index.php\/wp-json\/wp\/v2\/types\/page"}],"author":[{"embeddable":true,"href":"https:\/\/assembleedeschretiens.com\/index.php\/wp-json\/wp\/v2\/users\/1"}],"replies":[{"embeddable":true,"href":"https:\/\/assembleedeschretiens.com\/index.php\/wp-json\/wp\/v2\/comments?post=2"}],"version-history":[{"count":12,"href":"https:\/\/assembleedeschretiens.com\/index.php\/wp-json\/wp\/v2\/pages\/2\/revisions"}],"predecessor-version":[{"id":2000,"href":"https:\/\/assembleedeschretiens.com\/index.php\/wp-json\/wp\/v2\/pages\/2\/revisions\/2000"}],"wp:attachment":[{"href":"https:\/\/assembleedeschretiens.com\/index.php\/wp-json\/wp\/v2\/media?parent=2"}],"curies":[{"name":"wp","href":"https:\/\/api.w.org\/{rel}","templated":true}]}}

<p>[et_pb_section fb_built= »1&Prime; _builder_version= »4.27.5&Prime; _module_preset= »default » background_color= »#D6D6D6&Prime; background_enable_pattern_style= »on » background_pattern_color= »#8F8F8F » background_enable_mask_style= »on » background_mask_style= »floating-squares » global_colors_info= »{} »][et_pb_row column_structure= »1_2,1_2&Prime; _builder_version= »4.27.4&Prime; _module_preset= »default » background_color= »#B3B3B3&Prime; background_image= »https://assembleedeschretiens.com/wp-content/uploads/2025/11/IMG_9688.jpg » custom_margin= »|auto|64px|auto|| » custom_padding= »||76px||| » border_radii= »on|20px|20px|20px|20px » global_colors_info= »{} »][et_pb_column type= »1_2&Prime; _builder_version= »4.27.4&Prime; _module_preset= »default » global_colors_info= »{} »][et_pb_text _builder_version= »4.27.5&Prime; _module_preset= »default » text_font= »Arial|||||||| » text_text_color= »#FFFFFF » text_font_size= »67px » text_line_height= »1em » background_enable_color= »off » text_orientation= »center » custom_margin= »|20px||20px|false|false » custom_padding= »||46px||| » text_text_shadow_style= »preset1&Prime; border_radii= »on|20px|20px|20px|20px » global_colors_info= »{} »]</p>
<p>&nbsp;</p>
<p>ECODIM</p>
<p>[/et_pb_text][et_pb_text _builder_version= »4.27.4&Prime; _module_preset= »default » text_font_size= »18px » background_color= »#FFFFFF » custom_margin= »|20px||20px|false|false » custom_padding= »|20px||20px|false|false » border_radii= »on|20px|20px|20px|20px » box_shadow_style= »preset6&Prime; global_colors_info= »{} »]</p>
<h2></h2>
<p>L&rsquo;enseignement des enfants à la Parole de Dieu est au coeur de la vie Chrétienne, établir des fondements dès le plus jeune age :</p>
<p>&nbsp;</p>
<p>[/et_pb_text][et_pb_text _builder_version= »4.27.4&Prime; _module_preset= »default » text_font_size= »16px » background_color= »#FFFFFF » custom_margin= »|20px||20px|false|false » custom_padding= »20px|20px|20px|20px|false|false » border_radii= »on|20px|20px|20px|20px » box_shadow_style= »preset6&Prime; global_colors_info= »{} »]</p>
<div class="ref"></div>
<div class="ref"></div>
<div class="ref"><a href="https://emcitv.com/bible/proverbes-22-6.html#6">Proverbes 22:6 dit :</a></div>
<div class="verse">Instruis l&rsquo;enfant selon la voie qu&rsquo;il doit suivre;<span> </span><span class="highlight">Et quand il sera vieux</span>, il ne s&rsquo;en détournera<span> </span><span class="highlight">pas</span>.</div>
<div class="verse"></div>
<div class="verse"></div>
<p>[/et_pb_text][/et_pb_column][et_pb_column type= »1_2&Prime; _builder_version= »4.27.4&Prime; _module_preset= »default » background_image= »https://assembleedeschretiens.com/wp-content/uploads/2025/11/IMG_9688.jpg » global_colors_info= »{} »][/et_pb_column][/et_pb_row][et_pb_row _builder_version= »4.27.5&Prime; _module_preset= »default » global_colors_info= »{} »][et_pb_column type= »4_4&Prime; _builder_version= »4.27.5&Prime; _module_preset= »default » global_colors_info= »{} »][et_pb_text _builder_version= »4.27.5&Prime; _module_preset= »default » text_font_size= »15px » use_background_color_gradient= »on » background_color_gradient_stops= »rgba(255,255,255,0.45) 1%|rgba(255,255,255,0.47) 99% » custom_margin= »|||25px|false|false » custom_padding= »|38px||38px|false|false » border_radii= »on|4px|4px|4px|4px » border_width_all= »2px » global_colors_info= »{} »]</p>
<p>, </p>
<p>A L&rsquo;assemblée des Chrétiens les enfants recoivent un enseignement dispensé par des éducateurs/éducatrices qui les enseignent sur la bible, les aident a mémoriser des versets par coeur. Chaque année, une présentation est faite du travail collectif avec une remise des prix a tous les enfants sous formes de petits cadeaux récompensant le travail effectué et l&rsquo;avancée dans la découverte et l&rsquo;apprentissage de la parole de Dieu.</p>
<p>&nbsp;</p>
<p>[/et_pb_text][/et_pb_column][/et_pb_row][et_pb_row _builder_version= »4.27.5&Prime; _module_preset= »default » background_color= »#FFFFFF » width= »58% » max_width= »731px » custom_padding= »||0px||| » border_radii= »on|20px|20px|20px|20px » global_colors_info= »{} »][et_pb_column type= »4_4&Prime; _builder_version= »4.27.4&Prime; _module_preset= »default » global_colors_info= »{} »][et_pb_image src= »https://assembleedeschretiens.com/wp-content/uploads/2025/11/enfants-2.jpg » title_text= »enfants » _builder_version= »4.27.4&Prime; _module_preset= »default » custom_margin= »-34px||||| » border_radii= »on|20px|20px|20px|20px » global_colors_info= »{} »][/et_pb_image][/et_pb_column][/et_pb_row][/et_pb_section]</p>

<p>&nbsp; ECODIM L&rsquo;enseignement des enfants à la Parole de Dieu est au coeur de la vie Chrétienne, établir des fondements dès le plus jeune age : &nbsp; Proverbes 22:6 dit : Instruis l&rsquo;enfant selon la voie qu&rsquo;il doit suivre; Et quand il sera vieux, il ne s&rsquo;en détournera pas. ,  A L&rsquo;assemblée des Chrétiens les enfants recoivent [&hellip;]</p>

<!-- wp:paragraph -->
<p>Ceci est une page d’exemple. C’est différent d’un article de blog parce qu’elle restera au même endroit et apparaîtra dans la navigation de votre site (dans la plupart des thèmes). La plupart des gens commencent par une page « À propos » qui les présente aux personnes visitant le site. Cela pourrait ressembler à quelque chose comme cela :</p>
<!-- /wp:paragraph -->

<!-- wp:quote -->
<blockquote class="wp-block-quote"><p>Bonjour ! Je suis un mécanicien qui aspire à devenir acteur, et voici mon site. J’habite à Bordeaux, j’ai un super chien baptisé Russell, et j’aime la vodka (ainsi qu’être surpris par la pluie soudaine lors de longues balades sur la plage au coucher du soleil).</p></blockquote>
<!-- /wp:quote -->

<!-- wp:paragraph -->
<p>…ou quelque chose comme cela :</p>
<!-- /wp:paragraph -->

<!-- wp:quote -->
<blockquote class="wp-block-quote"><p>La société 123 Machin Truc a été créée en 1971, et n’a cessé de proposer au public des machins-trucs de qualité depuis lors. Située à Saint-Remy-en-Bouzemont-Saint-Genest-et-Isson, 123 Machin Truc emploie 2 000 personnes, et fabrique toutes sortes de bidules supers pour la communauté bouzemontoise.</p></blockquote>
<!-- /wp:quote -->

<!-- wp:paragraph -->
<p>En tant que nouvel utilisateur ou utilisatrice de WordPress, vous devriez vous rendre sur <a href="https://assembleedeschretiens.com/wp-admin/">votre tableau de bord</a> pour supprimer cette page et créer de nouvelles pages pour votre contenu. Amusez-vous bien !</p>
<!-- /wp:paragraph -->
