{"id":1832,"date":"2025-12-06T01:59:18","date_gmt":"2025-12-06T00:59:18","guid":{"rendered":"https:\/\/assembleedeschretiens.com\/?page_id=1832"},"modified":"2025-12-25T23:56:52","modified_gmt":"2025-12-25T22:56:52","slug":"nous-rejoindre","status":"publish","type":"page","link":"https:\/\/assembleedeschretiens.com\/index.php\/nous-rejoindre\/","title":{"rendered":"Nous rejoindre"},"content":{"rendered":"<p>[et_pb_section fb_built=\u00a0\u00bb1&Prime; fullwidth=\u00a0\u00bbon\u00a0\u00bb _builder_version=\u00a0\u00bb4.27.4&Prime; _module_preset=\u00a0\u00bbdefault\u00a0\u00bb background_color=\u00a0\u00bb#8300E9&Prime; use_background_color_gradient=\u00a0\u00bbon\u00a0\u00bb background_color_gradient_stops=\u00a0\u00bb#9200a5 0%|#001860 100%\u00a0\u00bb border_radii=\u00a0\u00bbon|200px|200px|200px|200px\u00a0\u00bb locked=\u00a0\u00bboff\u00a0\u00bb global_colors_info=\u00a0\u00bb{}\u00a0\u00bb][et_pb_fullwidth_image src=\u00a0\u00bbhttps:\/\/assembleedeschretiens.com\/wp-content\/uploads\/2025\/11\/bandeau.webp\u00a0\u00bb title_text=\u00a0\u00bbbandeau\u00a0\u00bb _builder_version=\u00a0\u00bb4.27.4&Prime; _module_preset=\u00a0\u00bbdefault\u00a0\u00bb width=\u00a0\u00bb44%\u00a0\u00bb module_alignment=\u00a0\u00bbcenter\u00a0\u00bb global_colors_info=\u00a0\u00bb{}\u00a0\u00bb][\/et_pb_fullwidth_image][\/et_pb_section][et_pb_section fb_built=\u00a0\u00bb1&Prime; _builder_version=\u00a0\u00bb4.27.5&Prime; _module_preset=\u00a0\u00bbdefault\u00a0\u00bb global_colors_info=\u00a0\u00bb{}\u00a0\u00bb][et_pb_row column_structure=\u00a0\u00bb3_5,2_5&Prime; _builder_version=\u00a0\u00bb4.27.5&Prime; _module_preset=\u00a0\u00bbdefault\u00a0\u00bb background_enable_mask_style=\u00a0\u00bbon\u00a0\u00bb background_mask_style=\u00a0\u00bbwave\u00a0\u00bb background_mask_color=\u00a0\u00bbrgba(61,143,175,0.66)\u00a0\u00bb transform_scale=\u00a0\u00bb109%|109%\u00a0\u00bb custom_margin=\u00a0\u00bb||||false|false\u00a0\u00bb custom_padding=\u00a0\u00bb22px||0px|15px|false|false\u00a0\u00bb border_radii=\u00a0\u00bbon|10px|10px|10px|10px\u00a0\u00bb box_shadow_style=\u00a0\u00bbpreset2&Prime; global_colors_info=\u00a0\u00bb{}\u00a0\u00bb][et_pb_column type=\u00a0\u00bb3_5&Prime; _builder_version=\u00a0\u00bb4.27.5&Prime; _module_preset=\u00a0\u00bbdefault\u00a0\u00bb global_colors_info=\u00a0\u00bb{}\u00a0\u00bb][et_pb_text _builder_version=\u00a0\u00bb4.27.5&Prime; _module_preset=\u00a0\u00bbdefault\u00a0\u00bb text_text_color=\u00a0\u00bb#000000&Prime; text_font_size=\u00a0\u00bb18px\u00a0\u00bb text_text_shadow_style=\u00a0\u00bbpreset3&Prime; global_colors_info=\u00a0\u00bb{}\u00a0\u00bb]<\/p>\n<ul>\n<li>Vous pouvez nous suivre sur les r\u00e9seaux sociaux, en cliquant sur les boutons<br \/>ou<\/li>\n<li>nous rejoindre dans nos locaux au<\/li>\n<\/ul>\n<p>[\/et_pb_text][\/et_pb_column][et_pb_column type=\u00a0\u00bb2_5&Prime; _builder_version=\u00a0\u00bb4.27.5&Prime; _module_preset=\u00a0\u00bbdefault\u00a0\u00bb global_colors_info=\u00a0\u00bb{}\u00a0\u00bb][et_pb_social_media_follow use_icon_font_size=\u00a0\u00bbon\u00a0\u00bb icon_font_size=\u00a0\u00bb35px\u00a0\u00bb _builder_version=\u00a0\u00bb4.27.5&Prime; _module_preset=\u00a0\u00bbdefault\u00a0\u00bb transform_scale=\u00a0\u00bb50%|50%\u00a0\u00bb text_orientation=\u00a0\u00bbcenter\u00a0\u00bb width=\u00a0\u00bb80%\u00a0\u00bb box_shadow_style=\u00a0\u00bbpreset1&Prime; box_shadow_spread=\u00a0\u00bb-4px\u00a0\u00bb box_shadow_color=\u00a0\u00bb#8300e8&Prime; global_colors_info=\u00a0\u00bb{}\u00a0\u00bb][et_pb_social_media_follow_network social_network=\u00a0\u00bbyoutube\u00a0\u00bb url=\u00a0\u00bbhttps:\/\/www.youtube.com\/@assembleedeschretiens2088&Prime; _builder_version=\u00a0\u00bb4.27.5&Prime; _module_preset=\u00a0\u00bbdefault\u00a0\u00bb background_color=\u00a0\u00bb#a82400&Prime; global_colors_info=\u00a0\u00bb{}\u00a0\u00bb follow_button=\u00a0\u00bboff\u00a0\u00bb url_new_window=\u00a0\u00bbon\u00a0\u00bb]youtube[\/et_pb_social_media_follow_network][et_pb_social_media_follow_network social_network=\u00a0\u00bbfacebook\u00a0\u00bb url=\u00a0\u00bbhttps:\/\/www.facebook.com\/assembleedeschretiens.rouen\/\u00a0\u00bb _builder_version=\u00a0\u00bb4.27.5&Prime; _module_preset=\u00a0\u00bbdefault\u00a0\u00bb background_color=\u00a0\u00bb#3b5998&Prime; global_colors_info=\u00a0\u00bb{}\u00a0\u00bb follow_button=\u00a0\u00bboff\u00a0\u00bb url_new_window=\u00a0\u00bbon\u00a0\u00bb]facebook[\/et_pb_social_media_follow_network][et_pb_social_media_follow_network social_network=\u00a0\u00bbinstagram\u00a0\u00bb url=\u00a0\u00bbhttps:\/\/www.instagram.com\/acps_rouen\/\u00a0\u00bb _builder_version=\u00a0\u00bb4.27.5&Prime; _module_preset=\u00a0\u00bbdefault\u00a0\u00bb background_color=\u00a0\u00bb#ea2c59&Prime; global_colors_info=\u00a0\u00bb{}\u00a0\u00bb follow_button=\u00a0\u00bboff\u00a0\u00bb url_new_window=\u00a0\u00bbon\u00a0\u00bb]instagram[\/et_pb_social_media_follow_network][et_pb_social_media_follow_network social_network=\u00a0\u00bbtiktok\u00a0\u00bb url=\u00a0\u00bbhttps:\/\/www.tiktok.com\/@76_adc_rouen\u00a0\u00bb _builder_version=\u00a0\u00bb4.27.5&Prime; _module_preset=\u00a0\u00bbdefault\u00a0\u00bb background_color=\u00a0\u00bb#fe2c55&Prime; global_colors_info=\u00a0\u00bb{}\u00a0\u00bb follow_button=\u00a0\u00bboff\u00a0\u00bb url_new_window=\u00a0\u00bbon\u00a0\u00bb]tiktok[\/et_pb_social_media_follow_network][\/et_pb_social_media_follow][\/et_pb_column][\/et_pb_row][et_pb_row column_structure=\u00a0\u00bb1_3,2_3&Prime; _builder_version=\u00a0\u00bb4.27.5&Prime; _module_preset=\u00a0\u00bbdefault\u00a0\u00bb global_colors_info=\u00a0\u00bb{}\u00a0\u00bb][et_pb_column type=\u00a0\u00bb1_3&Prime; _builder_version=\u00a0\u00bb4.27.5&Prime; _module_preset=\u00a0\u00bbdefault\u00a0\u00bb global_colors_info=\u00a0\u00bb{}\u00a0\u00bb][et_pb_text _builder_version=\u00a0\u00bb4.27.5&Prime; _module_preset=\u00a0\u00bbdefault\u00a0\u00bb text_font_size=\u00a0\u00bb15px\u00a0\u00bb global_colors_info=\u00a0\u00bb{}\u00a0\u00bb]<\/p>\n<p><strong>Assembl\u00e9e des Chr\u00e9tiens<\/strong><br \/>22 Place Henri Gadeau de Kerville, 76100 Rouen<br \/>5i\u00e8me Etage, code 009<\/p>\n<p>[\/et_pb_text][et_pb_image src=\u00a0\u00bbhttps:\/\/assembleedeschretiens.com\/wp-content\/uploads\/2025\/12\/Image1.jpg\u00a0\u00bb title_text=\u00a0\u00bbImage1&Prime; _builder_version=\u00a0\u00bb4.27.5&Prime; _module_preset=\u00a0\u00bbdefault\u00a0\u00bb transform_scale=\u00a0\u00bb128%|128%\u00a0\u00bb global_colors_info=\u00a0\u00bb{}\u00a0\u00bb][\/et_pb_image][\/et_pb_column][et_pb_column type=\u00a0\u00bb2_3&Prime; _builder_version=\u00a0\u00bb4.27.5&Prime; _module_preset=\u00a0\u00bbdefault\u00a0\u00bb global_colors_info=\u00a0\u00bb{}\u00a0\u00bb][dsm_embed_google_map _builder_version=\u00a0\u00bb4.27.5&Prime; _module_preset=\u00a0\u00bbdefault\u00a0\u00bb address=\u00a0\u00bb22 Place Henri Gadeau de Kerville, 76100 Rouen\u00a0\u00bb zoom=\u00a0\u00bb17&Prime; hover_enabled=\u00a0\u00bb0&Prime; sticky_enabled=\u00a0\u00bb0&Prime; height=\u00a0\u00bb500px\u00a0\u00bb][\/dsm_embed_google_map][\/et_pb_column][\/et_pb_row][\/et_pb_section]<\/p>\n","protected":false},"excerpt":{"rendered":"<p>Vous pouvez nous suivre sur les r\u00e9seaux sociaux, en cliquant sur les boutonsou nous rejoindre dans nos locaux au Assembl\u00e9e des Chr\u00e9tiens22 Place Henri Gadeau de Kerville, 76100 Rouen5i\u00e8me Etage, code 009<div class=\"et_pb_module dsm_embed_google_map dsm_embed_google_map_0\">\n\t\t\t\t\n\t\t\t\t\n\t\t\t\t\n\t\t\t\t\n\t\t\t\t\n\t\t\t\t\n\t\t\t\t<div class=\"et_pb_module_inner\">\n\t\t\t\t\t<iframe frameborder=\"0\" scrolling=\"no\" marginheight=\"0\" marginwidth=\"0\" src=\"https:\/\/www.google.com\/maps\/embed\/v1\/place?key=AIzaSyC8FxAERKgXfJx_hW6fHAjS8sKhpzjERHs&amp;q=22%20Place%20Henri%20Gadeau%20de%20Kerville%2C%2076100%20Rouen&amp;zoom=17&amp;language=fr_FR\" aria-label=\"22 Place Henri Gadeau de Kerville, 76100 Rouen\"><\/iframe>\n\t\t\t\t<\/div>\n\t\t\t<\/div><\/p>\n","protected":false},"author":2,"featured_media":0,"parent":0,"menu_order":0,"comment_status":"closed","ping_status":"closed","template":"","meta":{"_et_pb_use_builder":"on","_et_pb_old_content":"","_et_gb_content_width":"","_joinchat":[],"footnotes":""},"class_list":["post-1832","page","type-page","status-publish","hentry"],"_links":{"self":[{"href":"https:\/\/assembleedeschretiens.com\/index.php\/wp-json\/wp\/v2\/pages\/1832","targetHints":{"allow":["GET"]}}],"collection":[{"href":"https:\/\/assembleedeschretiens.com\/index.php\/wp-json\/wp\/v2\/pages"}],"about":[{"href":"https:\/\/assembleedeschretiens.com\/index.php\/wp-json\/wp\/v2\/types\/page"}],"author":[{"embeddable":true,"href":"https:\/\/assembleedeschretiens.com\/index.php\/wp-json\/wp\/v2\/users\/2"}],"replies":[{"embeddable":true,"href":"https:\/\/assembleedeschretiens.com\/index.php\/wp-json\/wp\/v2\/comments?post=1832"}],"version-history":[{"count":10,"href":"https:\/\/assembleedeschretiens.com\/index.php\/wp-json\/wp\/v2\/pages\/1832\/revisions"}],"predecessor-version":[{"id":1920,"href":"https:\/\/assembleedeschretiens.com\/index.php\/wp-json\/wp\/v2\/pages\/1832\/revisions\/1920"}],"wp:attachment":[{"href":"https:\/\/assembleedeschretiens.com\/index.php\/wp-json\/wp\/v2\/media?parent=1832"}],"curies":[{"name":"wp","href":"https:\/\/api.w.org\/{rel}","templated":true}]}}

<p>[et_pb_section fb_built= »1&Prime; fullwidth= »on » _builder_version= »4.27.4&Prime; _module_preset= »default » background_color= »#8300E9&Prime; use_background_color_gradient= »on » background_color_gradient_stops= »#9200a5 0%|#001860 100% » border_radii= »on|200px|200px|200px|200px » locked= »off » global_colors_info= »{} »][et_pb_fullwidth_image src= »https://assembleedeschretiens.com/wp-content/uploads/2025/11/bandeau.webp » title_text= »bandeau » _builder_version= »4.27.4&Prime; _module_preset= »default » width= »44% » module_alignment= »center » global_colors_info= »{} »][/et_pb_fullwidth_image][/et_pb_section][et_pb_section fb_built= »1&Prime; _builder_version= »4.27.5&Prime; _module_preset= »default » global_colors_info= »{} »][et_pb_row column_structure= »3_5,2_5&Prime; _builder_version= »4.27.5&Prime; _module_preset= »default » background_enable_mask_style= »on » background_mask_style= »wave » background_mask_color= »rgba(61,143,175,0.66) » transform_scale= »109%|109% » custom_margin= »||||false|false » custom_padding= »22px||0px|15px|false|false » border_radii= »on|10px|10px|10px|10px » box_shadow_style= »preset2&Prime; global_colors_info= »{} »][et_pb_column type= »3_5&Prime; _builder_version= »4.27.5&Prime; _module_preset= »default » global_colors_info= »{} »][et_pb_text _builder_version= »4.27.5&Prime; _module_preset= »default » text_text_color= »#000000&Prime; text_font_size= »18px » text_text_shadow_style= »preset3&Prime; global_colors_info= »{} »]</p>
<ul>
<li>Vous pouvez nous suivre sur les réseaux sociaux, en cliquant sur les boutons<br />ou</li>
<li>nous rejoindre dans nos locaux au</li>
</ul>
<p>[/et_pb_text][/et_pb_column][et_pb_column type= »2_5&Prime; _builder_version= »4.27.5&Prime; _module_preset= »default » global_colors_info= »{} »][et_pb_social_media_follow use_icon_font_size= »on » icon_font_size= »35px » _builder_version= »4.27.5&Prime; _module_preset= »default » transform_scale= »50%|50% » text_orientation= »center » width= »80% » box_shadow_style= »preset1&Prime; box_shadow_spread= »-4px » box_shadow_color= »#8300e8&Prime; global_colors_info= »{} »][et_pb_social_media_follow_network social_network= »youtube » url= »https://www.youtube.com/@assembleedeschretiens2088&Prime; _builder_version= »4.27.5&Prime; _module_preset= »default » background_color= »#a82400&Prime; global_colors_info= »{} » follow_button= »off » url_new_window= »on »]youtube[/et_pb_social_media_follow_network][et_pb_social_media_follow_network social_network= »facebook » url= »https://www.facebook.com/assembleedeschretiens.rouen/ » _builder_version= »4.27.5&Prime; _module_preset= »default » background_color= »#3b5998&Prime; global_colors_info= »{} » follow_button= »off » url_new_window= »on »]facebook[/et_pb_social_media_follow_network][et_pb_social_media_follow_network social_network= »instagram » url= »https://www.instagram.com/acps_rouen/ » _builder_version= »4.27.5&Prime; _module_preset= »default » background_color= »#ea2c59&Prime; global_colors_info= »{} » follow_button= »off » url_new_window= »on »]instagram[/et_pb_social_media_follow_network][et_pb_social_media_follow_network social_network= »tiktok » url= »https://www.tiktok.com/@76_adc_rouen » _builder_version= »4.27.5&Prime; _module_preset= »default » background_color= »#fe2c55&Prime; global_colors_info= »{} » follow_button= »off » url_new_window= »on »]tiktok[/et_pb_social_media_follow_network][/et_pb_social_media_follow][/et_pb_column][/et_pb_row][et_pb_row column_structure= »1_3,2_3&Prime; _builder_version= »4.27.5&Prime; _module_preset= »default » global_colors_info= »{} »][et_pb_column type= »1_3&Prime; _builder_version= »4.27.5&Prime; _module_preset= »default » global_colors_info= »{} »][et_pb_text _builder_version= »4.27.5&Prime; _module_preset= »default » text_font_size= »15px » global_colors_info= »{} »]</p>
<p><strong>Assemblée des Chrétiens</strong><br />22 Place Henri Gadeau de Kerville, 76100 Rouen<br />5ième Etage, code 009</p>
<p>[/et_pb_text][et_pb_image src= »https://assembleedeschretiens.com/wp-content/uploads/2025/12/Image1.jpg » title_text= »Image1&Prime; _builder_version= »4.27.5&Prime; _module_preset= »default » transform_scale= »128%|128% » global_colors_info= »{} »][/et_pb_image][/et_pb_column][et_pb_column type= »2_3&Prime; _builder_version= »4.27.5&Prime; _module_preset= »default » global_colors_info= »{} »][dsm_embed_google_map _builder_version= »4.27.5&Prime; _module_preset= »default » address= »22 Place Henri Gadeau de Kerville, 76100 Rouen » zoom= »17&Prime; hover_enabled= »0&Prime; sticky_enabled= »0&Prime; height= »500px »][/dsm_embed_google_map][/et_pb_column][/et_pb_row][/et_pb_section]</p>

<p>Vous pouvez nous suivre sur les réseaux sociaux, en cliquant sur les boutonsou nous rejoindre dans nos locaux au Assemblée des Chrétiens22 Place Henri Gadeau de Kerville, 76100 Rouen5ième Etage, code 009<div class="et_pb_module dsm_embed_google_map dsm_embed_google_map_0">
				
				
				
				
				
				
				<div class="et_pb_module_inner">
					<iframe frameborder="0" scrolling="no" marginheight="0" marginwidth="0" src="https://www.google.com/maps/embed/v1/place?key=AIzaSyC8FxAERKgXfJx_hW6fHAjS8sKhpzjERHs&amp;q=22%20Place%20Henri%20Gadeau%20de%20Kerville%2C%2076100%20Rouen&amp;zoom=17&amp;language=fr_FR" aria-label="22 Place Henri Gadeau de Kerville, 76100 Rouen"></iframe>
				</div>
			</div></p>
